{"version":"1.0","provider_name":"Kell","provider_url":"https:\/\/kell.cafeblog.hu","author_name":"Elk\u00e9stem","author_url":"https:\/\/kell.cafeblog.hu\/author\/elkestem\/","title":"M\u00e1t\u00e9 P\u00e9ter - Nekem ez \u00edgy j\u00f3","html":"<P>\u00a0<object width=\"445\" height=\"364\"><param name=\"movie\" value=\"http:\/\/www.youtube.com\/v\/7uK2WrSnQQQ&hl=hu_HU&fs=1&color1=0x5d1719&color2=0xcd311b&border=1\"><\/param><param name=\"allowFullScreen\" value=\"true\"><\/param><param name=\"allowscriptaccess\" value=\"always\"><\/param><embed src=\"http:\/\/www.youtube.com\/v\/7uK2WrSnQQQ&hl=hu_HU&fs=1&color1=0x5d1719&color2=0xcd311b&border=1\" type=\"application\/x-shockwave-flash\" allowscriptaccess=\"always\" allowfullscreen=\"true\" width=\"445\" height=\"364\"><\/embed><\/object><\/P>","type":"rich"}

Elkéstem

Máté Péter - Nekem ez így jó
